2, what is 1011 - 10001010110100?
-10001010101001
In base 6, what is -13452 + -113?
-14005
In base 15, what is -4 - -1be3?
1bde
In base 8, what is 4 + -11622?
-11616
In base 14, what is 4 + 13472?
13476
In base 4, what is 13 - -202013?
202032
In base 4, what is -3321213 + 2?
-3321211
In base 16, what is 44b - 76?
3d5
In base 6, what is -11100523 + -4?
-11100531
In base 2, what is 10001011000000101100 - 10?
10001011000000101010
In base 15, what is 4e4 - -13?
507
In base 14, what is -2 - 898a?
-898c
In base 15, what is -5db4 - 32?
-5de6
In base 3, what is 2022 - -2201220100?
2201222122
In base 16, what is -1bb7 - 4c?
-1c03
In base 15, what is 2 - -28b9?
28bb
In base 12, what is -5 + -3313?
-3318
In base 3, what is 2 - 12021112011?
-12021112002
In base 3, what is 12101 + 10101?
22202
In base 11, what is 3 + -117a3?
-117a0
In base 2, what is 100110 + -1110001001110000?
-1110001001001010
In base 15, what is b + 303?
30e
In base 15, what is 4 - -2965?
2969
In base 14, what is -49 + 237?
1cc
In base 12, what is 3 + -12a3?
-12a0
In base 15, what is -52672 + 2?
-52670
In base 15, what is 382 + -5?
37c
In base 15, what is 124 + 507?
62b
In base 15, what is 0 + -375e?
-375e
In base 16, what is 1c5a + 10?
1c6a
In base 13, what is -677 - -256?
-421
In base 10, what is -20 - -14270?
14250
In base 10, what is -334 + -776?
-1110
In base 13, what is 482 - 4b8?
-36
In base 8, what is -125 - -23634?
23507
In base 14, what is -3 - -35251?
3524c
In base 15, what is -7 + -6c90b?
-6c913
In base 11, what is 2236 + 94?
231a
In base 6, what is -20432440 + 3?
-20432433
In base 14, what is 234b0 + -b?
234a3
In base 11, what is -4 - -34a89?
34a85
In base 6, what is 1 - 340400?
-340355
In base 11, what is -32a4 + 4a5?
-28aa
In base 16, what is d + 10fd?
110a
In base 6, what is -1113 + 241310?
240153
In base 16, what is -131 - 2c?
-15d
In base 2, what is -110001 - 10011010?
-11001011
In base 10, what is 2 + 17884?
17886
In base 6, what is 100 + -3?
53
In base 6, what is -4 + 5503240?
5503232
In base 9, what is -7 + -87755?
-87763
In base 3, what is 10 + 211222122020?
211222122100
In base 2, what is 10110011001 + 10111010001?
101101101010
In base 15, what is 894 - -3e?
8d3
In base 14, what is 2a6 - -24a5?
276b
In base 9, what is 0 + 18007?
18007
In base 6, what is -5 + 41?
32
In base 15, what is 2 + ac6b?
ac6d
In base 9, what is 14072 - 1?
14071
In base 4, what is 233 - 123021?
-122122
In base 8, what is 47026 - 1?
47025
In base 11, what is -2319 - -61?
-2268
In base 3, what is 21 - -1110211?
1111002
In base 9, what is 1675 + 43?
1728
In base 16, what is 2599 + -41?
2558
In base 13, what is -c6a9a + 1?
-c6a99
In base 3, what is -11100111 + -12200?
-11120011
In base 4, what is 20130010 + -30?
20123320
In base 15, what is -19 - -8951?
8937
In base 4, what is 11 + 1312223102?
1312223113
In base 6, what is 1 + -522121?
-522120
In base 15, what is -ab0 + ee?
-9b1
In base 9, what is 158 + 142?
311
In base 6, what is -322320341 + -4?
-322320345
In base 2, what is 1010000111 + -10100111?
111100000
In base 2, what is 110101111001111 - -101?
110101111010100
In base 3, what is 1121102102 + -121?
1121101211
In base 9, what is -375222 - 4?
-375226
In base 7, what is 1 + -2441106?
-2441105
In base 12, what is 0 - -340b?
340b
In base 7, what is -21 + -3451?
-3502
In base 11, what is -11 + -220516?
-220527
In base 3, what is 102211000010 - 11?
102210222222
In base 13, what is 6bb + -2a8?
413
In base 12, what is 1 - -925?
926
In base 5, what is 2 + 11003122?
11003124
In base 14, what is 14b84 - -5?
14b89
In base 2, what is 1110001010111 - 100101010?
1101100101101
In base 7, what is 4 + -242105?
-242101
In base 7, what is 1453 - -1501?
3254
In base 4, what is -3 + 11231230?
11231221
In base 3, what is -220202122 - -22?
-220202100
In base 14, what is 0 + -c8861?
-c8861
In base 14, what is -16b7 - -3?
-16b4
In base 12, what is 0 - 381?
-381
In base 14, what is 9 + 1db0?
1db9
In base 2, what is 101 + 10001100100110?
10001100101011
In base 5, what is -104131 - -210?
-103421
In base 16, what is 0 - 179f?
-179f
In base 6, what is 4 + -215342?
-215334
In base 13, what is -2025 - -7?
-201b
In base 11, what is -2 - 6a799?
-6a7a0
In base 4, what is -20120 - -202?
-13312
In base 11, what is 0 - -197141?
197141
In base 9, what is 3 - 1257756?
-1257753
In base 5, what is -1423234 - 0?
-1423234
In base 10, what is 115530 + 1?
115531
In base 13, what is 3a + -1485b?
-14821
In base 16, what is 47 - -1f8f?
1fd6
In base 14, what is 3 - -ac74?
ac77
In base 8, what is 106 - 2542?
-2434
In base 14, what is 11 + b79d7?
b7a08
In base 5, what is 14234402 + -32?
14234320
In base 5, what is 100041 + 320?
100411
In base 12, what is -b037 + 10?
-b027
In base 11, what is -130 + -115?
-245
In base 11, what is -44 - -3117?
3083
In base 15, what is 5 + a9d2?
a9d7
In base 12, what is 2 + 2064bb?
206501
In base 16, what is -3f427 - 3?
-3f42a
In base 6, what is -35540 + 15?
-35521
In base 3, what is 112021120 - 11?
112021102
In base 15, what is -87 + b6?
2e
In base 14, what is 46 - 1474?
-142c
In base 3, what is 1 - -101210210?
101210211
In base 8, what is 3715430 - 1?
3715427
In base 14, what is 1 + -459d?
-459c
In base 10, what is 2 + -12371?
-12369
In base 4, what is -32220 + 2233?
-23321
In base 13, what is 1c1b - 2?
1c19
In base 3, what is 1010 + -1210020?
-1202010
In base 13, what is 4 + 4563?
4567
In base 3, what is 101212111 + -12?
101212022
In base 13, what is a31a - 0?
a31a
In base 3, what is -100101011 - 1220?
-100110001
In base 3, what is -11 - -10021100212?
10021100201
In base 16, what is 538 + 10?
548
In base 12, what is -923 - -45?
-89a
In base 7, what is 35560 + 2?
35562
In base 13, what is 4794 + -34?
4760
In base 12, what is 16427a + 2?
164280
In base 11, what is -88a1a - -5?
-88a15
In base 15, what is 13a7 + b?
13b3
In base 4, what is -1032 + 21?
-1011
In base 3, what is 1 - 22100110220?
-22100110212
In base 15, what is -5 - -629e2?
629dc
In base 7, what is 1015161 + 1?
1015162
In base 12, what is 58441 - 0?
58441
In base 5, what is 2 + -324034?
-324032
In base 14, what is 7bd + 2a?
809
In base 7, what is -1 + 52426?
52425
In base 15, what is -1769 - 27?
-1791
In base 9, what is -5 - -42020?
42014
In base 15, what is -134 - -d7?
-4c
In base 6, what is 14333011 + -1?
14333010
In base 12, what is -1 + 38b?
38a
In base 14, what is 9ad - -c?
9bb
In base 11, what is 148 + 3?
150
In base 16, what is 1cca0 - -c?
1ccac
In base 2, what is -1 + 1011100111?
1011100110
In base 9, what is 1850 + -41?
1808
In base 15, what is 7e - 254?
-1c5
In base 10, what is 0 - -896?
896
In base 2, what is 10101110001010101 - 1010?
10101110001001011
In base 12, what is -714 - -b1?
-623
In base 8, what is -162 + -220?
-402
In base 2, what is -10000111011001 + -11?
-10000111011100
In base 2, what is -11001 + 10110001111111?
10110001100110
In base 8, what is 3 - -154361?
154364
In base 2, what is -110 + 10001001100?
10001000110
In base 7, what is 1064 - 1?
1063
In base 9, what is -36366 + 1?
-36365
In base 7, what is -3 - -11126534?
11126531
In base 15, what is -7094 + -1a?
-70ae
In base 6, what is 1 - -3304212?
3304213
In base 3, what is -1021002012221 + 1?
-1021002012220
In base 9, what is 0 - -87626?
87626
In base 11, what is 5 - 54841?
-54837
In base 3, what is 2000 + 221110?
1000110
In base 16, what is -14fa79 + -4?
-14fa7d
In base 7, what is 15105320 + -4?
15105313
In base 4, what is -10101 + -1301310?
-1312011
In base 6, what is -5 - -115332?
115323
In base 3, what is 12 + -102002212201?
-102002212112
In base 9, what is -38 + 64?
25
In base 15, what is 0 + 2a52?
2a52
In base 15, what is 5 - -165e3?
165e8
In base 10, what is -63 - 12124?
-12187
In base 8, what is -4 - -3461012?
3461006
In base 16, what is 2 + -2376?
-2374
In base 12, what is 0 + 8bb4?
8bb4
In base 3, what is 2012000 - -11211?
2100211
In base 4, what is -1 + -332301?
-332302
In base 16, what is -2b - -35b?
330
In base 13, what is -9bb - -bc?
-8cc
In base 7, what is -445 + 431?
-14
In base 5, what is -424033 - 41?
-424124
In base 16, what is -3f8 + -1?
-3f9
In base 9, what is 36 - -7322?
7358
In base 16, what is 5 + -448e?
-4489
In base 16, what is 52 - 2cb?
-279
In base 4, what is 10 + -100230112?
-100230102
In base 16, what is 8bd2 - 5?
8bcd
In base 16, what is